{"id":1298,"date":"2020-09-15T22:23:19","date_gmt":"2020-09-15T22:23:19","guid":{"rendered":"https:\/\/fesete.pt\/qualidade-emprego-igualdade\/?page_id=1298"},"modified":"2022-06-14T16:52:24","modified_gmt":"2022-06-14T16:52:24","slug":"links","status":"publish","type":"page","link":"https:\/\/fesete.pt\/qualidade-emprego-igualdade\/links\/","title":{"rendered":"Links"},"content":{"rendered":"<div class=\"fusion-fullwidth fullwidth-box fusion-builder-row-1 fusion-flex-container nonhundred-percent-fullwidth non-hundred-percent-height-scrolling\" style=\"background-color: rgba(255,255,255,0);background-position: center center;background-repeat: no-repeat;border-width: 0px 0px 0px 0px;border-color:#e8ebef;border-style:solid;\" ><div class=\"fusion-builder-row fusion-row fusion-flex-align-items-flex-start\" style=\"max-width:1331.2px;margin-left: calc(-4% \/ 2 );margin-right: calc(-4% \/ 2 );\"><div class=\"fusion-layout-column fusion_builder_column fusion-builder-column-0 fusion_builder_column_1_1 1_1 fusion-flex-column\"><div class=\"fusion-column-wrapper fusion-flex-justify-content-flex-start fusion-content-layout-column\" style=\"background-position:left top;background-repeat:no-repeat;-webkit-background-size:cover;-moz-background-size:cover;-o-background-size:cover;background-size:cover;padding: 0px 0px 0px 0px;\"><div class=\"fusion-text fusion-text-1\" style=\"transform:translate3d(0,0,0);\"><h6><strong><a href=\"https:\/\/eeagrants.org\/\">EEA Grants \u2013 Global Iceland Liechtenstein Norway grants \u2013 EEA Grants global<\/a><\/strong><\/h6>\n<h6><a href=\"https:\/\/www.eeagrants.gov.pt\/\">EEA Grants Portugal<\/a><\/h6>\n<h6><a href=\"https:\/\/www.cig.gov.pt\/\">CIG \u2013 Comiss\u00e3o para a Cidadania e a Igualdade de G\u00e9nero<\/a><\/h6>\n<h6><a href=\"https:\/\/cite.gov.pt\/web\/pt\">CITE \u2013 Comiss\u00e3o para a Igualdade e Trabalho no Emprego <\/a><\/h6>\n<h6><a href=\"https:\/\/www.dgert.gov.pt\/oit-estudo-sobre-a-diferenca-salarial-entre-homens-e-mulheres-em-portugal\">DGERT \u2013 Direc\u00e7\u00e3o Geral das Rela\u00e7\u00f5es Colectivas de Trabalho<\/a><\/h6>\n<h6><a href=\"https:\/\/ec.europa.eu\/social\/main.jsp?catId=329&amp;langId=en\">UE \u2013 Direc\u00e7\u00e3o de Emprego, Assuntos Sociais e Inclus\u00e3o<\/a><\/h6>\n<h6><a href=\"https:\/\/eurocid.mne.gov.pt\/EVENTOS\/DIA-INTERNACIONAL-DA-IGUALDADE-SALARIAL-2021\">EUROCID \u2013 Centro de Informa\u00e7\u00e3o Europeia Jauqes Delors<\/a><\/h6>\n<h6><a href=\"https:\/\/www.ilo.org\/lisbon\/lang--pt\/index.htm\">OIT \u2013 Organiza\u00e7\u00e3o Internacional do Trabalho em Portugal<\/a><\/h6>\n<h6><a href=\"https:\/\/www.ilo.org\/global\/lang--en\/index.htm\">ILO &#8211; International Labour Organization<\/a><\/h6>\n<\/div><\/div><\/div><style type=\"text\/css\">.fusion-body .fusion-builder-column-0{width:100% !important;margin-top : 20px;margin-bottom : 20px;}.fusion-builder-column-0 > .fusion-column-wrapper {padding-top : 0px !important;padding-right : 0px !important;margin-right : 1.92%;padding-bottom : 0px !important;padding-left : 0px !important;margin-left : 1.92%;}@media only screen and (max-width:1200px) {.fusion-body .fusion-builder-column-0{width:100% !important;order : 0;}.fusion-builder-column-0 > .fusion-column-wrapper {margin-right : 1.92%;margin-left : 1.92%;}}@media only screen and (max-width:640px) {.fusion-body .fusion-builder-column-0{width:100% !important;order : 0;}.fusion-builder-column-0 > .fusion-column-wrapper {margin-right : 1.92%;margin-left : 1.92%;}}<\/style><\/div><style type=\"text\/css\">.fusion-body .fusion-flex-container.fusion-builder-row-1{ padding-top : 0px;margin-top : 0px;padding-right : 0px;padding-bottom : 0px;margin-bottom : 0px;padding-left : 0px;}<\/style><\/div>\n","protected":false},"excerpt":{"rendered":"","protected":false},"author":1,"featured_media":0,"parent":0,"menu_order":0,"comment_status":"closed","ping_status":"closed","template":"100-width.php","meta":[],"_links":{"self":[{"href":"https:\/\/fesete.pt\/qualidade-emprego-igualdade\/wp-json\/wp\/v2\/pages\/1298"}],"collection":[{"href":"https:\/\/fesete.pt\/qualidade-emprego-igualdade\/wp-json\/wp\/v2\/pages"}],"about":[{"href":"https:\/\/fesete.pt\/qualidade-emprego-igualdade\/wp-json\/wp\/v2\/types\/page"}],"author":[{"embeddable":true,"href":"https:\/\/fesete.pt\/qualidade-emprego-igualdade\/wp-json\/wp\/v2\/users\/1"}],"replies":[{"embeddable":true,"href":"https:\/\/fesete.pt\/qualidade-emprego-igualdade\/wp-json\/wp\/v2\/comments?post=1298"}],"version-history":[{"count":11,"href":"https:\/\/fesete.pt\/qualidade-emprego-igualdade\/wp-json\/wp\/v2\/pages\/1298\/revisions"}],"predecessor-version":[{"id":3343,"href":"https:\/\/fesete.pt\/qualidade-emprego-igualdade\/wp-json\/wp\/v2\/pages\/1298\/revisions\/3343"}],"wp:attachment":[{"href":"https:\/\/fesete.pt\/qualidade-emprego-igualdade\/wp-json\/wp\/v2\/media?parent=1298"}],"curies":[{"name":"wp","href":"https:\/\/api.w.org\/{rel}","templated":true}]}}

<div class="fusion-fullwidth fullwidth-box fusion-builder-row-1 fusion-flex-container nonhundred-percent-fullwidth non-hundred-percent-height-scrolling" style="background-color: rgba(255,255,255,0);background-position: center center;background-repeat: no-repeat;border-width: 0px 0px 0px 0px;border-color:#e8ebef;border-style:solid;" ><div class="fusion-builder-row fusion-row fusion-flex-align-items-flex-start" style="max-width:1331.2px;margin-left: calc(-4% / 2 );margin-right: calc(-4% / 2 );"><div class="fusion-layout-column fusion_builder_column fusion-builder-column-0 fusion_builder_column_1_1 1_1 fusion-flex-column"><div class="fusion-column-wrapper fusion-flex-justify-content-flex-start fusion-content-layout-column" style="background-position:left top;background-repeat:no-repeat;-webkit-background-size:cover;-moz-background-size:cover;-o-background-size:cover;background-size:cover;padding: 0px 0px 0px 0px;"><div class="fusion-text fusion-text-1" style="transform:translate3d(0,0,0);"><h6><strong><a href="https://eeagrants.org/">EEA Grants – Global Iceland Liechtenstein Norway grants – EEA Grants global</a></strong></h6>
<h6><a href="https://www.eeagrants.gov.pt/">EEA Grants Portugal</a></h6>
<h6><a href="https://www.cig.gov.pt/">CIG – Comissão para a Cidadania e a Igualdade de Género</a></h6>
<h6><a href="https://cite.gov.pt/web/pt">CITE – Comissão para a Igualdade e Trabalho no Emprego </a></h6>
<h6><a href="https://www.dgert.gov.pt/oit-estudo-sobre-a-diferenca-salarial-entre-homens-e-mulheres-em-portugal">DGERT – Direcção Geral das Relações Colectivas de Trabalho</a></h6>
<h6><a href="https://ec.europa.eu/social/main.jsp?catId=329&amp;langId=en">UE – Direcção de Emprego, Assuntos Sociais e Inclusão</a></h6>
<h6><a href="https://eurocid.mne.gov.pt/EVENTOS/DIA-INTERNACIONAL-DA-IGUALDADE-SALARIAL-2021">EUROCID – Centro de Informação Europeia Jauqes Delors</a></h6>
<h6><a href="https://www.ilo.org/lisbon/lang--pt/index.htm">OIT – Organização Internacional do Trabalho em Portugal</a></h6>
<h6><a href="https://www.ilo.org/global/lang--en/index.htm">ILO &#8211; International Labour Organization</a></h6>
</div></div></div><style type="text/css">.fusion-body .fusion-builder-column-0{width:100% !important;margin-top : 20px;margin-bottom : 20px;}.fusion-builder-column-0 > .fusion-column-wrapper {padding-top : 0px !important;padding-right : 0px !important;margin-right : 1.92%;padding-bottom : 0px !important;padding-left : 0px !important;margin-left : 1.92%;}@media only screen and (max-width:1200px) {.fusion-body .fusion-builder-column-0{width:100% !important;order : 0;}.fusion-builder-column-0 > .fusion-column-wrapper {margin-right : 1.92%;margin-left : 1.92%;}}@media only screen and (max-width:640px) {.fusion-body .fusion-builder-column-0{width:100% !important;order : 0;}.fusion-builder-column-0 > .fusion-column-wrapper {margin-right : 1.92%;margin-left : 1.92%;}}</style></div><style type="text/css">.fusion-body .fusion-flex-container.fusion-builder-row-1{ padding-top : 0px;margin-top : 0px;padding-right : 0px;padding-bottom : 0px;margin-bottom : 0px;padding-left : 0px;}</style></div>
